 is divided by 44?
40
What is the remainder when 1063 is divided by 11?
7
What is the remainder when 1381 is divided by 42?
37
What is the remainder when 1953 is divided by 487?
5
Calculate the remainder when 57 is divided by 2.
1
What is the remainder when 192 is divided by 115?
77
Calculate the remainder when 154 is divided by 71.
12
What is the remainder when 864 is divided by 849?
15
What is the remainder when 331 is divided by 110?
1
Calculate the remainder when 2490 is divided by 248.
10
What is the remainder when 228 is divided by 30?
18
What is the remainder when 6763 is divided by 165?
163
What is the remainder when 18069 is divided by 6020?
9
What is the remainder when 1754 is divided by 60?
14
Calculate the remainder when 159 is divided by 10.
9
What is the remainder when 310 is divided by 155?
0
What is the remainder when 3102 is divided by 27?
24
Calculate the remainder when 15 is divided by 9.
6
Calculate the remainder when 231 is divided by 22.
11
Calculate the remainder when 166 is divided by 72.
22
What is the remainder when 108 is divided by 41?
26
Calculate the remainder when 3178 is divided by 319.
307
What is the remainder when 542 is divided by 260?
22
What is the remainder when 751 is divided by 53?
9
Calculate the remainder when 286 is divided by 26.
0
Calculate the remainder when 117 is divided by 104.
13
What is the remainder when 1308 is divided by 24?
12
What is the remainder when 173 is divided by 22?
19
Calculate the remainder when 1345 is divided by 194.
181
Calculate the remainder when 37 is divided by 19.
18
What is the remainder when 329 is divided by 86?
71
Calculate the remainder when 55 is divided by 32.
23
Calculate the remainder when 87 is divided by 54.
33
Calculate the remainder when 9582 is divided by 246.
234
What is the remainder when 283 is divided by 57?
55
Calculate the remainder when 3022 is divided by 28.
26
What is the remainder when 3986 is divided by 15?
11
What is the remainder when 131 is divided by 61?
9
Calculate the remainder when 2415 is divided by 14.
7
Calculate the remainder when 1955 is divided by 13.
5
Calculate the remainder when 835 is divided by 173.
143
Calculate the remainder when 981 is divided by 76.
69
Calculate the remainder when 36161 is divided by 42.
41
What is the remainder when 48695 is divided by 21?
17
Calculate the remainder when 269 is divided by 54.
53
What is the remainder when 3177 is divided by 113?
13
Calculate the remainder when 1440 is divided by 23.
14
What is the remainder when 225 is divided by 38?
35
Calculate the remainder when 1456 is divided by 8.
0
Calculate the remainder when 14077 is divided by 10.
7
Calculate the remainder when 532 is divided by 13.
12
Calculate the remainder when 121 is divided by 52.
17
What is the remainder when 11483 is divided by 32?
27
What is the remainder when 105 is divided by 20?
5
Calculate the remainder when 213 is divided by 36.
33
What is the remainder when 534 is divided by 23?
5
Calculate the remainder when 618 is divided by 152.
10
Calculate the remainder when 463 is divided by 10.
3
Calculate the remainder when 569 is divided by 16.
9
Calculate the remainder when 267 is divided by 20.
7
What is the remainder when 56 is divided by 23?
10
Calculate the remainder when 212 is divided by 60.
32
Calculate the remainder when 465 is divided by 36.
33
What is the remainder when 169 is divided by 45?
34
Calculate the remainder when 342 is divided by 43.
41
What is the remainder when 140 is divided by 45?
5
Calculate the remainder when 419 is divided by 136.
11
Calculate the remainder when 309 is divided by 4.
1
Calculate the remainder when 1285 is divided by 399.
88
What is the remainder when 2726 is divided by 11?
9
What is the remainder when 106 is divided by 18?
16
Calculate the remainder when 113 is divided by 89.
24
What is the remainder when 366 is divided by 37?
33
What is the remainder when 96 is divided by 27?
15
Calculate the remainder when 336 is divided by 26.
24
What is the remainder when 103 is divided by 9?
4
Calculate the remainder when 290 is divided by 150.
140
What is the remainder when 349 is divided by 50?
49
What is the remainder when 97 is divided by 35?
27
What is the remainder when 617 is divided by 37?
25
What is the remainder when 93 is divided by 91?
2
What is the remainder when 3474 is divided by 57?
54
What is the remainder when 1797 is divided by 15?
12
Calculate the remainder when 4176 is divided by 22.
18
What is the remainder when 302 is divided by 61?
58
Calculate the remainder when 640 is divided by 113.
75
What is the remainder when 275 is divided by 35?
30
What is the remainder when 41 is divided by 7?
6
What is the remainder when 415 is divided by 84?
79
What is the remainder when 4000 is divided by 44?
40
What is the remainder when 141 is divided by 102?
39
Calculate the remainder when 579 is divided by 78.
33
Calculate the remainder when 3125 is divided by 53.
51
Calculate the remainder when 26 is divided by 13.
0
Calculate the remainder when 509 is divided by 52.
41
What is the remainder when 35 is divided by 24?
11
Calculate the remainder when 652 is divided by 213.
13
Calculate the remainder when 789 is divided by 99.
96
Calculate the remainder when 2757 is divided by 2728.
29
Calculate the remainder when 17291 is divided by 11.
10
What is the remainder when 286 is divided by 23?
10
What is the remainder when 544 is divided by 91?
89
What is the remainder when 66 is divided by 11?
0
What is the remainder when 21227 is divided by 58?
57
What is the remainder when 1113 is divided by 190?
163
What is the remainder when 3593 is divided by 34?
23
Calculate the remainder when 46 is divided by 19.
8
Calculate the remainder when 884 is divided by 59.
58
Calculate the remainder when 735 is divided by 101.
28
What is the remainder when 819 is divided by 792?
27
Calculate the remainder when 14 is divided by 1.
0
Calculate the remainder when 3645 is divided by 24.
21
Calculate the remainder when 399 is divided by 8.
7
Calculate the remainder when 366 is divided by 97.
75
Calculate the remainder when 89 is divided by 18.
17
Calculate the remainder when 275 is divided by 35.
30
Calculate the remainder when 5279 is divided by 15.
14
Calculate the remainder when 9204 is divided by 93.
90
Calculate the remainder when 181 is divided by 46.
43
Calculate the remainder when 319 is divided by 81.
76
What is the remainder when 517 is divided by 40?
37
What is the remainder when 2448 is divided by 79?
78
What is the remainder when 88 is divided by 30?
28
Calculate the remainder when 1775 is divided by 127.
124
What is the remainder when 33 is divided by 16?
1
Calculate the remainder when 5279 is divided by 66.
65
What is the remainder when 121 is divided by 43?
35
Calculate the remainder when 824 is divided by 33.
32
Calculate the remainder when 552 is divided by 37.
34
What is the remainder when 711 is divided by 139?
16
Calculate the remainder when 2133 is divided by 6.
3
Calculate the remainder when 134 is divided by 35.
29
What is the remainder when 927 is divided by 58?
57
Calculate the remainder when 196 is divided by 54.
34
What is the remainder when 875 is divided by 99?
83
What is the remainder when 69 is divided by 9?
6
What is the remainder when 1668 is divided by 398?
76
Calculate the remainder when 334 is divided by 84.
82
What is the remainder when 96 is divided by 14?
12
What is the remainder when 5029 is divided by 19?
13
Calculate the remainder when 189 is divided by 22.
13
What is the remainder when 282 is divided by 55?
7
What is the remainder when 8342 is divided by 107?
103
Calculate the remainder when 2287 is divided by 567.
19
What is the remainder when 1269 is divided by 60?
9
What is the remainder when 245 is divided by 31?
28
Calculate the remainder when 103 is divided by 23.
11
Calculate the remainder when 1120 is divided by 59.
58
Calculate the remainder when 1050 is divided by 17.
13
What is the remainder when 478 is divided by 60?
58
Calculate the remainder when 246 is divided by 80.
6
Calculate the remainder when 508 is divided by 256.
252
What is the remainder when 32 is divided by 10?
2
What is the remainder when 103 is divided by 33?
4
Calculate the remainder when